{"id":1587,"date":"2024-10-10T02:29:39","date_gmt":"2024-10-10T02:29:39","guid":{"rendered":"https:\/\/shop.fran.pro\/?post_type=product&#038;p=1587"},"modified":"2024-10-10T02:29:56","modified_gmt":"2024-10-10T02:29:56","slug":"nugallo-iniciacion-5-kilos","status":"publish","type":"product","link":"https:\/\/shop.fran.pro\/index.php\/producto\/nugallo-iniciacion-5-kilos\/","title":{"rendered":"NUGALLO INICIACION (5 KILOS)"},"content":{"rendered":"<p style=\"font-weight: 400;\"><b><strong>DESCRIPCI\u00d3N:<\/strong><\/b><\/p>\n<p style=\"font-weight: 400;\">Alimento balanceado formulado para el pollito reci\u00e9n nacido.<\/p>\n<p style=\"font-weight: 400;\"><b><strong>ANALISIS GARANTIZADO:<\/strong><\/b><\/p>\n<ul style=\"font-weight: 400;\">\n<li>Humedad 12.0% m\u00e1xima<\/li>\n<li>Prote\u00edna Cruda 21.0 m\u00ednima<\/li>\n<li>Grasa Cruda 3.0% m\u00ednima<\/li>\n<li>Fibra Cruda 8.0% m\u00e1xima<\/li>\n<li>Cenizas 7.0% m\u00e1ximo<\/li>\n<li>E.L.N 54.0%<\/li>\n<\/ul>\n<p style=\"font-weight: 400;\"><b><strong>INGREDIENTES:<\/strong><\/b><\/p>\n<p style=\"font-weight: 400;\">Ma\u00edz, Pasta De Soya, Ortofosfato De Calcio, Carbonato De Calcio, Sal, Minerales: Zinc, Manganeso, Hierre, Cobre, Iodo. Selenio, Cobalto; Vitaminas A, S, E, K y del Complejo B<\/p>\n<p style=\"font-weight: 400;\"><b><strong>DOSIS Y V\u00cdA DE ADMINISTRACI\u00d3N:<\/strong><\/b><\/p>\n<p style=\"font-weight: 400;\">Se recomienda ofrecer a libre acceso desde el primer d\u00eda hasta las ocho semanas de edad<\/p>\n<p style=\"font-weight: 400;\"><b><strong>PRESENTACI\u00d3N:<\/strong><\/b><\/p>\n<p style=\"font-weight: 400;\">Saco de 5 y 25 kilos.<\/p>\n<p style=\"font-weight: 400;\"><b><strong>ADVERTENCIA:<\/strong><\/b><\/p>\n<p style=\"font-weight: 400;\">Mant\u00e9ngase en un lugar fresco y seco.<\/p>\n","protected":false},"excerpt":{"rendered":"<p>DESCRIPCI\u00d3N: Alimento balanceado formulado para el pollito reci\u00e9n nacido. ANALISIS GARANTIZADO: Humedad 12.0% m\u00e1xima Prote\u00edna Cruda 21.0 m\u00ednima Grasa Cruda 3.0% m\u00ednima Fibra Cruda 8.0% m\u00e1xima Cenizas 7.0% m\u00e1ximo E.L.N 54.0% INGREDIENTES: Ma\u00edz, Pasta De Soya, Ortofosfato De Calcio, Carbonato De Calcio, Sal, Minerales: Zinc, Manganeso, Hierre, Cobre, Iodo. Selenio, Cobalto; Vitaminas A, S, E, [&hellip;]<\/p>\n","protected":false},"featured_media":1590,"comment_status":"open","ping_status":"closed","template":"","meta":{"_regular_price":["147.85"],"currency_symbol":[]},"product_cat":[77,76],"product_tag":[],"class_list":{"0":"post-1587","1":"product","2":"type-product","3":"status-publish","4":"has-post-thumbnail","6":"product_cat-alimentos","7":"product_cat-aves","9":"first","10":"instock","11":"taxable","12":"shipping-taxable","13":"purchasable","14":"product-type-simple","15":"add-to-wishlist-after_add_to_cart"},"post_slider_layout_featured_media_urls":{"thumbnail":["https:\/\/shop.fran.pro\/wp-content\/uploads\/2024\/10\/22320_d0209710-48d8-4737-903b-da5ad6e2cf09_1024x-150x150.webp",150,150,true],"post_slider_layout_landscape_large":["https:\/\/shop.fran.pro\/wp-content\/uploads\/2024\/10\/22320_d0209710-48d8-4737-903b-da5ad6e2cf09_1024x-1000x800.webp",1000,800,true],"post_slider_layout_portrait_large":["https:\/\/shop.fran.pro\/wp-content\/uploads\/2024\/10\/22320_d0209710-48d8-4737-903b-da5ad6e2cf09_1024x.webp",1000,1000,false],"post_slider_layout_square_large":["https:\/\/shop.fran.pro\/wp-content\/uploads\/2024\/10\/22320_d0209710-48d8-4737-903b-da5ad6e2cf09_1024x.webp",1000,1000,false],"post_slider_layout_landscape":["https:\/\/shop.fran.pro\/wp-content\/uploads\/2024\/10\/22320_d0209710-48d8-4737-903b-da5ad6e2cf09_1024x-600x400.webp",600,400,true],"post_slider_layout_portrait":["https:\/\/shop.fran.pro\/wp-content\/uploads\/2024\/10\/22320_d0209710-48d8-4737-903b-da5ad6e2cf09_1024x-600x900.webp",600,900,true],"post_slider_layout_square":["https:\/\/shop.fran.pro\/wp-content\/uploads\/2024\/10\/22320_d0209710-48d8-4737-903b-da5ad6e2cf09_1024x-600x600.webp",600,600,true],"full":["https:\/\/shop.fran.pro\/wp-content\/uploads\/2024\/10\/22320_d0209710-48d8-4737-903b-da5ad6e2cf09_1024x.webp",1000,1000,false]},"_links":{"self":[{"href":"https:\/\/shop.fran.pro\/index.php\/wp-json\/wp\/v2\/product\/1587","targetHints":{"allow":["GET"]}}],"collection":[{"href":"https:\/\/shop.fran.pro\/index.php\/wp-json\/wp\/v2\/product"}],"about":[{"href":"https:\/\/shop.fran.pro\/index.php\/wp-json\/wp\/v2\/types\/product"}],"replies":[{"embeddable":true,"href":"https:\/\/shop.fran.pro\/index.php\/wp-json\/wp\/v2\/comments?post=1587"}],"wp:featuredmedia":[{"embeddable":true,"href":"https:\/\/shop.fran.pro\/index.php\/wp-json\/wp\/v2\/media\/1590"}],"wp:attachment":[{"href":"https:\/\/shop.fran.pro\/index.php\/wp-json\/wp\/v2\/media?parent=1587"}],"wp:term":[{"taxonomy":"product_cat","embeddable":true,"href":"https:\/\/shop.fran.pro\/index.php\/wp-json\/wp\/v2\/product_cat?post=1587"},{"taxonomy":"product_tag","embeddable":true,"href":"https:\/\/shop.fran.pro\/index.php\/wp-json\/wp\/v2\/product_tag?post=1587"}],"curies":[{"name":"wp","href":"https:\/\/api.w.org\/{rel}","templated":true}]}}