{"id":1604,"date":"2024-10-10T02:38:02","date_gmt":"2024-10-10T02:38:02","guid":{"rendered":"https:\/\/shop.fran.pro\/?post_type=product&#038;p=1604"},"modified":"2024-10-10T02:38:53","modified_gmt":"2024-10-10T02:38:53","slug":"pomada-amarilla-225-gr","status":"publish","type":"product","link":"https:\/\/shop.fran.pro\/index.php\/producto\/pomada-amarilla-225-gr\/","title":{"rendered":"POMADA AMARILLA 225 GR"},"content":{"rendered":"<div><strong>POMADA AMARILLA<\/strong><\/div>\n<div><strong>REGISTRO SAGARPA Q-0036-309<\/strong><\/div>\n<div><strong>USO VETERINARIO<\/strong><\/div>\n<p><strong>\u00a0<\/strong><\/p>\n<p><strong>DESCRIPCION:<\/strong><\/p>\n<p>Antimicrobiano, Antis\u00e9ptico y Cicatrizante. Indicada para el tratamiento de heridas, excoriaciones, laceraciones, eczema e infecciones d\u00e9rmicas bacterianas y fung\u00f3sis leves.<\/p>\n<p><strong>FORMULA:<\/strong><\/p>\n<p>Cada 100 g contienen: Sulfatiazol: 3 g, Sulfanilamida: 5 g, Yodoclorohidroxiquinole\u00edna: 2 g, Alcanfor: 3 g, Aceite de Eucalipto: 1 g, \u00d3xido de Zinc 0.5 g, Vitamina A:200 U.I, Excipiente, c.b.p: 100 g.<\/p>\n<p><strong>INDICACIONES Y MODO DE EMPLEO:<\/strong><\/p>\n<p>Limpiar el \u00e1rea afectada y aplicar libremente sobre la piel a criterio del M\u00e9dico Veterinario.<\/p>\n<p><strong>ESPECIES:<\/strong><\/p>\n<p>Bovinos, Equinos, Ovinos, Caprinos, Porcinos, Caninos y Felinos.<\/p>\n<p><strong>VIA DE ADMINISTRACION:<\/strong><\/p>\n<p>T\u00f3pica<\/p>\n<p><strong>PRESENTACION:<\/strong><\/p>\n<p>Bote con 225 g<\/p>\n<p><strong>ADVERTENCIAS:<\/strong><\/p>\n<p>Cons\u00e9rvese en un lugar fresco. No se deje al alcance de los ni\u00f1os. No administrar en equinos destinados al consumo humano.<\/p>\n<p>&nbsp;<\/p>\n<p><strong>CONSULTE AL MEDICO VETERINARIO<\/strong><\/p>\n","protected":false},"excerpt":{"rendered":"<p>POMADA AMARILLA REGISTRO SAGARPA Q-0036-309 USO VETERINARIO \u00a0 DESCRIPCION: Antimicrobiano, Antis\u00e9ptico y Cicatrizante. Indicada para el tratamiento de heridas, excoriaciones, laceraciones, eczema e infecciones d\u00e9rmicas bacterianas y fung\u00f3sis leves. FORMULA: Cada 100 g contienen: Sulfatiazol: 3 g, Sulfanilamida: 5 g, Yodoclorohidroxiquinole\u00edna: 2 g, Alcanfor: 3 g, Aceite de Eucalipto: 1 g, \u00d3xido de Zinc 0.5 [&hellip;]<\/p>\n","protected":false},"featured_media":1605,"comment_status":"open","ping_status":"closed","template":"","meta":{"_regular_price":["233.00"],"currency_symbol":[]},"product_cat":[78],"product_tag":[],"class_list":{"0":"post-1604","1":"product","2":"type-product","3":"status-publish","4":"has-post-thumbnail","6":"product_cat-cuidado-animal","8":"first","9":"instock","10":"taxable","11":"shipping-taxable","12":"purchasable","13":"product-type-simple","14":"add-to-wishlist-after_add_to_cart"},"post_slider_layout_featured_media_urls":{"thumbnail":["https:\/\/shop.fran.pro\/wp-content\/uploads\/2024\/10\/24694_1024x-150x150.webp",150,150,true],"post_slider_layout_landscape_large":["https:\/\/shop.fran.pro\/wp-content\/uploads\/2024\/10\/24694_1024x-1000x800.webp",1000,800,true],"post_slider_layout_portrait_large":["https:\/\/shop.fran.pro\/wp-content\/uploads\/2024\/10\/24694_1024x.webp",1000,1000,false],"post_slider_layout_square_large":["https:\/\/shop.fran.pro\/wp-content\/uploads\/2024\/10\/24694_1024x.webp",1000,1000,false],"post_slider_layout_landscape":["https:\/\/shop.fran.pro\/wp-content\/uploads\/2024\/10\/24694_1024x-600x400.webp",600,400,true],"post_slider_layout_portrait":["https:\/\/shop.fran.pro\/wp-content\/uploads\/2024\/10\/24694_1024x-600x900.webp",600,900,true],"post_slider_layout_square":["https:\/\/shop.fran.pro\/wp-content\/uploads\/2024\/10\/24694_1024x-600x600.webp",600,600,true],"full":["https:\/\/shop.fran.pro\/wp-content\/uploads\/2024\/10\/24694_1024x.webp",1000,1000,false]},"_links":{"self":[{"href":"https:\/\/shop.fran.pro\/index.php\/wp-json\/wp\/v2\/product\/1604","targetHints":{"allow":["GET"]}}],"collection":[{"href":"https:\/\/shop.fran.pro\/index.php\/wp-json\/wp\/v2\/product"}],"about":[{"href":"https:\/\/shop.fran.pro\/index.php\/wp-json\/wp\/v2\/types\/product"}],"replies":[{"embeddable":true,"href":"https:\/\/shop.fran.pro\/index.php\/wp-json\/wp\/v2\/comments?post=1604"}],"wp:featuredmedia":[{"embeddable":true,"href":"https:\/\/shop.fran.pro\/index.php\/wp-json\/wp\/v2\/media\/1605"}],"wp:attachment":[{"href":"https:\/\/shop.fran.pro\/index.php\/wp-json\/wp\/v2\/media?parent=1604"}],"wp:term":[{"taxonomy":"product_cat","embeddable":true,"href":"https:\/\/shop.fran.pro\/index.php\/wp-json\/wp\/v2\/product_cat?post=1604"},{"taxonomy":"product_tag","embeddable":true,"href":"https:\/\/shop.fran.pro\/index.php\/wp-json\/wp\/v2\/product_tag?post=1604"}],"curies":[{"name":"wp","href":"https:\/\/api.w.org\/{rel}","templated":true}]}}